{"id":5,"date":"2015-02-04T10:30:55","date_gmt":"2015-02-04T10:30:55","guid":{"rendered":"http:\/\/www.socialchangeswitzerland.ch\/?page_id=5"},"modified":"2022-12-19T16:43:14","modified_gmt":"2022-12-19T14:43:14","slug":"about-us","status":"publish","type":"page","link":"https:\/\/www.socialchangeswitzerland.ch\/?page_id=5","title":{"rendered":"The series"},"content":{"rendered":"<p>La s\u00e9rie <strong>Social Change in Switzerland<\/strong> documente, en continu, l\u2019\u00e9volution de la structure sociale en Suisse. Elle est \u00e9dit\u00e9e conjointement par le Centre de comp\u00e9tences suisse en sciences sociales <a href=\"http:\/\/www.forscenter.ch\" target=\"_blank\" rel=\"noopener noreferrer\">FORS<\/a> et <a href=\"https:\/\/www.centre-lives.ch\/fr\">LIVES<\/a>, le Centre suisse de comp\u00e9tence en recherche sur les parcours de vie et les vuln\u00e9rabilit\u00e9s. Le but est de retracer le changement de l\u2019emploi, de la famille, des revenus, de la mobilit\u00e9, du vote ou du genre en Suisse. Bas\u00e9es sur la recherche empirique de pointe, elle s\u2019adresse \u00e0 un public plus large que les seuls sp\u00e9cialistes.<\/p>\n<p>Si vous aimeriez soumettre une contribution, veuillez vous adresser \u00e0 <a href=\"mailto:info@socialchangeswitzerland.ch\">info@socialchangeswitzerland.ch<\/a>.<\/p>\n<p>Les contributions dans la s\u00e9rie <a href=\"https:\/\/www.socialchangeswitzerland.ch\" target=\"_blank\" rel=\"noopener noreferrer\">Social Change in Switzerland<\/a> sont de huit pages (un maximum de 3000 mots, sans tableaux et graphiques).<\/p>\n<p>Elles incluent un r\u00e9sum\u00e9 de 150 mots en fran\u00e7ais et en allemand. Les textes devraient inclure<\/p>\n<ul>\n<li>une introduction (qui formule la question et r\u00e9sume l\u2019\u00e9tat des savoirs sur le sujet),<\/li>\n<li>un aper\u00e7u des donn\u00e9es (quelles donn\u00e9es de quelles enqu\u00eates),<\/li>\n<li>les r\u00e9sultats empiriques (id\u00e9alement illustr\u00e9s \u00e0 l\u2019aide de quelques graphiques),<\/li>\n<li>une conclusion (qui r\u00e9sum\u00e9 les principaux r\u00e9sultats et leurs implications politiques).<\/li>\n<\/ul>\n<p>Die Reihe <strong>Social Change in Switzerland<\/strong> dokumentiert laufend die gesellschaftlichen Entwicklungen in der Schweiz. Die Reihe wird gemeinsam herausgegeben vom Schweizer Kompetenzzentrum Sozialwissenschaften <a href=\"http:\/\/www.forscenter.ch\" target=\"_blank\" rel=\"noopener noreferrer\">FORS <\/a>und vom Schweizer Kompetenzzentrum <a href=\"https:\/\/www.centre-lives.ch\/fr\">LIVES <\/a>zur Forschung der \u00dcberwindung der Verletzbarkeit im Verlauf des Lebens. Ziel der Reihe ist es, Ver\u00e4nderungen bez\u00fcglich Arbeit, Familie, Einkommen, Mobilit\u00e4t, Stimmrecht oder Geschlechterverh\u00e4ltnisse aufzuzeigen. Die Beitr\u00e4ge beruhen auf wissenschaftlichen Untersuchungen und richten sich an ein breiteres Publikum.<\/p>\n<p>Falls Sie selber einen Beitrag publizieren m\u00f6chten, wenden Sie sich an <a href=\"mailto:info@socialchangeswitzerland.ch\">info@socialchangeswitzerland.ch<\/a>.<\/p>\n<p>Die Beitr\u00e4ge der Reihe <a href=\"https:\/\/www.socialchangeswitzerland.ch\" target=\"_blank\" rel=\"noopener noreferrer\">Social Change in Switzerland<\/a>\u00a0sind acht Seiten lang (max. 3000 W\u00f6rter, ohne Tabellen und Grafiken) und enthalten eine Zusammenfassung auf Deutsch und Franz\u00f6sisch von circa 150 W\u00f6rtern.<\/p>\n<p>Die Texte beinhalten<\/p>\n<ul>\n<li>eine Einleitung (welche die Fragestellung formuliert, sowie eine Zusammenfassung des aktuellen Wissenstandes auf dem Gebiet aufzeigt)<\/li>\n<li>einen Einblick in die Daten (um was f\u00fcr Daten handelt es sich und um welche Untersuchungen?)<\/li>\n<li>die empirischen Resultate (bestenfalls illustriert mithilfe von einigen Grafiken)<\/li>\n<li>eine Zusammenfassung (welche die wichtigsten Resultate und deren politischen Folgen aufzeigt).<\/li>\n<\/ul>\n","protected":false},"excerpt":{"rendered":"<p>La s\u00e9rie Social Change in Switzerland documente, en continu, l\u2019\u00e9volution de la structure sociale en Suisse. Elle est \u00e9dit\u00e9e conjointement par le Centre de comp\u00e9tences suisse en sciences sociales FORS et LIVES, le Centre suisse de comp\u00e9tence en recherche sur les parcours de vie et les vuln\u00e9rabilit\u00e9s. Le but est de retracer le changement de [&hellip;]<\/p>\n","protected":false},"author":1,"featured_media":0,"parent":0,"menu_order":30,"comment_status":"closed","ping_status":"closed","template":"","meta":{"_acf_changed":false,"footnotes":""},"class_list":["post-5","page","type-page","status-publish","hentry"],"acf":[],"_links":{"self":[{"href":"https:\/\/www.socialchangeswitzerland.ch\/index.php?rest_route=\/wp\/v2\/pages\/5","targetHints":{"allow":["GET"]}}],"collection":[{"href":"https:\/\/www.socialchangeswitzerland.ch\/index.php?rest_route=\/wp\/v2\/pages"}],"about":[{"href":"https:\/\/www.socialchangeswitzerland.ch\/index.php?rest_route=\/wp\/v2\/types\/page"}],"author":[{"embeddable":true,"href":"https:\/\/www.socialchangeswitzerland.ch\/index.php?rest_route=\/wp\/v2\/users\/1"}],"replies":[{"embeddable":true,"href":"https:\/\/www.socialchangeswitzerland.ch\/index.php?rest_route=%2Fwp%2Fv2%2Fcomments&post=5"}],"version-history":[{"count":5,"href":"https:\/\/www.socialchangeswitzerland.ch\/index.php?rest_route=\/wp\/v2\/pages\/5\/revisions"}],"predecessor-version":[{"id":3320,"href":"https:\/\/www.socialchangeswitzerland.ch\/index.php?rest_route=\/wp\/v2\/pages\/5\/revisions\/3320"}],"wp:attachment":[{"href":"https:\/\/www.socialchangeswitzerland.ch\/index.php?rest_route=%2Fwp%2Fv2%2Fmedia&parent=5"}],"curies":[{"name":"wp","href":"https:\/\/api.w.org\/{rel}","templated":true}]}}